= -2, 0 = 4*q - 5*h - 74665. Is q a prime number?
False
Suppose 10*l - 53311 - 3619 = 0. Suppose 4*n - 1957 - 1833 = -2*x, 3*x - l = -4*n. Is x a prime number?
False
Let n(a) = 12*a**3 - a**2 - 13*a - 4. Let u be n(7). Suppose 0 = -2*r + 6*r - 8, r - u = -5*q. Is q a composite number?
True
Let b(v) = 5*v**3. Let q be (-2)/(-3)*(-6)/(-4). Let j be b(q). Suppose -j*u + 103 = -82. Is u prime?
True
Suppose -52035 = -9*c + 41286. Is c composite?
False
Let z(a) = 105*a**2 + 5*a + 13. Suppose 0 = 8*o - 11*o - 12. Is z(o) a prime number?
False
Let k(x) = 385*x**2 + 5*x + 11. Is k(5) a prime number?
True
Let l(c) = 51 - 9*c + 52 - 108. Suppose 3 = 3*y, -4*h - 2*y + y - 7 = 0. Is l(h) a prime number?
True
Let w = -18 + 303. Suppose -3*z + 2*i + w = 0, 209 = 4*z - 2*z + 5*i. Is z a composite number?
False
Let h be (-3)/(-1)*(-12 + 13). Suppose 203 - 3326 = -h*t. Is t a composite number?
True
Suppose 13*f + 90 = 15*f. Let c = f + 29. Is c a prime number?
False
Let c(g) = 2*g**3 + 86*g**2 + 54*g + 51. Is c(-41) a composite number?
False
Suppose 128783 = 15*c - 29872. Is c prime?
False
Let n be -6 + 308 - 2/(-1). Suppose 8*i = -0*i + n. Is i composite?
True
Let z = 113 - 59. Let m = z + -84. Is (-2)/(-1 - 26/m) a prime number?
False
Suppose -6*s = -4*s - s. Suppose c - 6*c + 185 = s. Is c prime?
True
Let f(y) be the third derivative of -43*y**4/24 - 5*y**3/6 - 7*y**2. Is f(-1) prime?
False
Suppose -2*l + 3 + 5 = 0. Suppose -l*k = -k - 42. Is (-4)/14 - (-158)/k a composite number?
False
Let m be 93/6 - (-3)/6. Let r = m - 12. Suppose -r*z - 4*u + 1472 = 0, 5*z + 2*u - 2104 + 255 = 0. Is z prime?
False
Let d be (-1590)/20 + 2/4. Let t = d - -168. Is t a composite number?
False
Let b(k) be the second derivative of -13*k**6/720 + k**5/30 + 5*k**4/12 - 6*k. Let r(f) be the third derivative of b(f). Is r(-3) a composite number?
False
Let o = -76 - -641. Suppose 0*f = f + o. Let h = f - -1012. Is h a composite number?
True
Let q = 28 - 8. Suppose -17*c = -13*c - q. Suppose 4*p - 107 - 156 = -c*n, -3*p = 2*n - 101. Is n composite?
True
Suppose -4*x = -7*x - 87. Let h = 34 + x. Suppose h*g + 4*u = 1453, -4*g + 2*u - 5*u + 1163 = 0. Is g a prime number?
True
Is ((-2)/12)/(35/(-776370)) composite?
False
Suppose -2*m - 4*j + 24 = 0, 0*m - 5*j = -3*m + 3. Suppose -2*v + 8 = -m. Suppose -2*d - v = -49. Is d prime?
False
Let w(a) = -134*a**3 + a. Let p(g) = g**3 + 4*g**2 + g + 4. Let f be p(-4). Suppose c = d + d + 4, -5*c + 10 = f. Is w(d) a composite number?
True
Suppose -6*a = -a - 25. Suppose 5*o - 4*y = -a, -2*o - 4*y + 36 = 10. Is 3 - (-3 - 118 - o) prime?
True
Suppose 38*m = 33*m + 1465. Is m a prime number?
True
Let i(n) = 755*n**2 - 5*n + 5. Is i(7) prime?
False
Suppose -6*a = -4*a - 5*b - 31512, 5*b = 10. Is a a prime number?
True
Suppose 0 = -q - 0*q + 4, 12 = c + 2*q. Let w(u) = u**3 - 4*u**2 + 3*u + 2. Let j be w(3). Suppose 5*f + j*g = 999, c*g + 547 = -5*f + 1550. Is f prime?
True
Suppose -2*z + 59493 = 5*z. Is z a composite number?
True
Is (-1775510)/(-88) + (-9)/(-12) a prime number?
True
Let i = -13 + 35. Suppose -88 = -4*y + s, y - s = -3*s + i. Is y a prime number?
False
Suppose -3*b = 3*l + 4 + 2, 0 = l - 5*b - 22. Suppose l*a + 5*j + 16 = -1, -3*j - 3 = 3*a. Suppose -a*s + 6*s - 290 = 0. Is s composite?
True
Let f = 39 + -32. Is (37*7)/(-6 + f) a prime number?
False
Let k(s) = 6166*s + 73. Is k(1) composite?
True
Suppose -6*c + 4 = -5*c. Suppose 0 = -g + 2 + c. Let f = g - -25. Is f a composite number?
False
Suppose 0 = -2*b - 3*b + 305. Let u = 112 - b. Is u a prime number?
False
Suppose -51956 = -4*j - u, 4*j = -2*u + 33721 + 18235. Is j composite?
True
Let t(r) be the first derivative of r**2 + r - 5. Is t(15) a composite number?
False
Let k = -8 - -11. Suppose g - k*q + 11 = 0, 4*g - 3*q + 4 = -q. Is 122 - g/3*0 a prime number?
False
Let k be 682 + 8/(-2)*-1. Is 11/(11/k) - 3 composite?
False
Suppose -7*c + 632 + 145 = 0. Let v = -68 + c. Is v a prime number?
True
Let f = 2260 + -1253. Is f a composite number?
True
Let f be 4/2 + -5 - (9 + -14). Suppose -802 - 350 = -4*l + f*o, 0 = 5*l - 4*o - 1437. Is l composite?
True
Let a(j) = -j - 7. Let s be a(-10). Suppose s*y + 0*y = 6. Suppose -y*n = -15 - 7. Is n composite?
False
Let s(l) = l**3 - 7*l**2 - 8*l + 11. Let w = -17 + 25. Let q be s(w). Let v = 20 - q. Is v composite?
True
Suppose 2*p + 13 = -4*i + 527, 5*i = 4*p + 649. Suppose -5*n = 3*u - 155 - 225, u + 4*n = i. Is u - -9*2/(-6) prime?
False
Suppose -21 = -3*d + 7*d + 3*y, -5*y - 21 = 2*d. Is 91392/105 + d/(-5) a composite number?
True
Suppose 4*a - 15 = -3*i, 15 = -a + 4*a + i. Suppose a*s = 4*s - 5*n + 1315, -s + 5*n = -650. Is s a prime number?
False
Suppose 5*k - v - 4600 = 0, 3*v + v + 939 = k. Is k composite?
False
Let m = 2 + 0. Suppose 0 = 4*h + m*d - 8, 0*h + 5 = 5*h + 5*d. Suppose 955 = 5*g - 5*n, -h*n + 955 = 6*g - g. Is g composite?
False
Let m(o) = -242*o - 10. Let f be m(7). Let t = 3215 + f. Is t composite?
False
Let s(j) = j**2 + 79*j - 271. Is s(69) a composite number?
False
Let y(f) = 12*f**2 + 50*f + 83. Is y(-32) prime?
True
Suppose -7*y - 9*y + 30512 = 0. Is y composite?
False
Let z(w) = -w**3 + 9*w**2 - 11*w + 28. Let m be z(8). Is 19/(m*(-4)/(-176)) - -2 a composite number?
False
Let y(w) = -4*w**3 + 8*w**2 + 41*w - 13. Is y(-6) a composite number?
True
Suppose -2*x = g + 137, -3*g + 2*g = 3*x + 142. Let j = g + 813. Suppose -2*t + j - 172 = 0. Is t composite?
False
Let x = -94 - -100. Suppose -6577 = -x*m - 1243. Is m a prime number?
False
Let i = -290 + 70. Let g = 351 + i. Is g composite?
False
Let z(n) = 52*n**3 + n. Let g be z(1). Suppose -3*l + 680 - g = 0. Is l a composite number?
True
Let m(k) = -6*k + 11. Suppose 8*a + 108 = -a. Is m(a) prime?
True
Let g(h) = 2*h**3 - 4*h**2 - 5*h + 5. Let j be 62/6 + 2/(-6). Let a = j - 4. Is g(a) a prime number?
True
Let a = -14213 - -24436. Is a composite?
False
Let q = -5587 - -10250. Is q a composite number?
False
Suppose 12*c + 21 = 19*c. Is (9/(-15))/(-2*c/21570) a prime number?
False
Let f(t) = -2378*t + 17. Is f(-3) prime?
True
Let n(j) = -j**3 + 12*j**2 - 12*j + 23. Let d be n(11). Is (-1241)/(-3) + (-8)/d composite?
True
Suppose o - 56 = -4*i + 27, o + 77 = 4*i. Suppose l = 3*z + 25, 3*z = i - 5. Suppose 31 = y - l. Is y prime?
True
Let f(b) = -198*b - 25. Is f(-4) composite?
True
Suppose n - 9 = -3*c, 4*c - 4*n = n + 31. Suppose 5*s - 80 = -x, c*x - 230 = 2*s - 4*s. Is x a composite number?
True
Suppose 4*s - 19566 + 7882 = 0. Is s composite?
True
Is (6 - 5)*(0 - 167)*-17 a composite number?
True
Suppose -14 = -5*i + 4*i - 2*b, 0 = 3*i - 2*b - 10. Suppose 0 = 4*n - i*n + 634. Is n a composite number?
False
Let p(r) = -25*r**3 - 6*r**2 + 3*r + 3. Is p(-7) a prime number?
True
Let j be (-140)/42*12/(-5). Suppose 0 = -a - p + 1548, 2*a + 3*p - 3061 = j*p. Is a a prime number?
True
Let g(a) = -1005*a - 88. Is g(-3) composite?
False
Suppose -80 = -7*q + 347. Suppose 63*u = q*u + 1838. Is u a prime number?
True
Let o = 562 - -2419. Is o composite?
True
Suppose 1353 = 3*m + 4*u, -m + 84 + 368 = u. Suppose -557 = -4*h + m. Is h prime?
False
Let d be 8 + -86 - -2*2. Let k = d - -141. Is k prime?
True
Suppose 5*p = -4*h + 867, -5*h - 63 = 2*p - 1151. Suppose 0 = 3*k - 1 - 2. Is -5 + h + k*-2 a composite number?
False
Let x(a) = 20*a**2 - 2*a + 1. Suppose 3*i = -2*o + 39, 0*i = 2*o - i - 27. Let k be (0 - 2)/(10/o). Is x(k) prime?
False
Suppose c = 2*c - 419. Is c composite?
False
Is (55/(-20) + 0)*(0 - 76) a prime number?
False
Let a(w) = 35*w**2 - 10*w + 13. Is a(-18) prime?
False
Suppose 2*v + 40 = -5*d + 7*v, -4*d + 3*v - 30 = 0. Let t(r) = 3*r**2 + 6*r + 3. Let a be t(-4). Let n = a + d. Is n prime?
False
Let d(u) = 9*u**2 - 87*u + 1. Is d(-4) a composite number?
True
Is (11246/(-16))/((-18)/144) a prime number?
True
Let t(w) = -w**3 - 7*w**2 - 7*w - 4. Let k be t(-6). Suppose 2*v = k*x - 3*x + 316, -x - 4*v + 318 = 0. Is (x/(-4))/(1/(-2)) a composite number?
False
Let i(z) = -4*z**3 - 19*z**2 - 15*z - 34. Is i(-12) a composite number?
True
Is (-486)/(-378) + (-513602)/(-7) a composite number?
True
Suppose -4*k - 1 = -17. Suppose 31 + 181 = k*q. Is q composite?
False
Suppose -5 = 5*u, 6 + 7 = 2*i - 5*u. Suppose 0*y - y - v + 1117 = 0, -5*y + i*v + 5585 = 0. Is y c